iple of 40?
False
Is 2674 a multiple of 81?
False
Is 2484 a multiple of 18?
True
Is 8 a factor of 117?
False
Is 4796 a multiple of 10?
False
Does 11 divide 1291?
False
Is 17 a factor of 17442?
True
Is 45 a factor of 11305?
False
Is 24 a factor of 10393?
False
Does 8 divide 4755?
False
Is 469 a multiple of 67?
True
Is 2400 a multiple of 6?
True
Is 111 a factor of 61272?
True
Is 8 a factor of 338?
False
Is 1081 a multiple of 62?
False
Does 6 divide 81?
False
Is 12320 a multiple of 14?
True
Is 7885 a multiple of 83?
True
Does 4 divide 763?
False
Is 48962 a multiple of 7?
False
Is 6032 a multiple of 58?
True
Does 200 divide 14641?
False
Does 35 divide 560?
True
Is 72 a factor of 1728?
True
Is 7 a factor of 182?
True
Is 3392 a multiple of 138?
False
Is 1302 a multiple of 28?
False
Is 2640 a multiple of 30?
True
Does 10 divide 346?
False
Is 13 even?
False
Is 26 a factor of 1024?
False
Does 59 divide 7965?
True
Is 9 a factor of 7152?
False
Does 27 divide 2727?
True
Is 76 a factor of 99?
False
Is 938 a multiple of 67?
True
Is 253 a multiple of 15?
False
Is 356 a multiple of 13?
False
Is 1966 a multiple of 27?
False
Does 338 divide 23322?
True
Does 7 divide 455?
True
Does 20 divide 16124?
False
Is 63 a multiple of 21?
True
Is 9000 a multiple of 18?
True
Does 62 divide 1550?
True
Does 104 divide 878?
False
Is 53 a multiple of 53?
True
Is 9435 a multiple of 17?
True
Is 22 a factor of 938?
False
Is 40 a multiple of 5?
True
Does 22 divide 284?
False
Is 18 a factor of 49752?
True
Is 68 a factor of 8641?
False
Does 25 divide 54050?
True
Does 111 divide 89688?
True
Does 9 divide 6255?
True
Is 13 a factor of 161610?
False
Does 10 divide 850?
True
Is 874 a multiple of 4?
False
Does 11 divide 1983?
False
Does 34 divide 850?
True
Is 14 a factor of 71779?
False
Is 3333 a multiple of 33?
True
Does 8 divide 18920?
True
Does 4 divide 312?
True
Is 126 a factor of 3444?
False
Is 8 a factor of 794?
False
Does 7 divide 10098?
False
Does 64 divide 299?
False
Is 50 a factor of 8250?
True
Is 24 a factor of 9473?
False
Is 630 a multiple of 30?
True
Is 25 a factor of 871?
False
Is 1818 a multiple of 55?
False
Is 16 a factor of 1488?
True
Is 13749 a multiple of 6?
False
Is 3316 a multiple of 6?
False
Is 129 a factor of 12642?
True
Does 26 divide 2210?
True
Is 5 a factor of 298?
False
Does 6 divide 1128?
True
Is 27930 a multiple of 133?
True
Does 41 divide 26428?
False
Is 3000 a multiple of 75?
True
Is 8254 a multiple of 38?
False
Is 258 a multiple of 9?
False
Does 22 divide 3542?
True
Does 105 divide 14490?
True
Is 284 a factor of 122386?
False
Is 9 a factor of 1440?
True
Does 11 divide 5236?
True
Does 64 divide 3904?
True
Is 722 a multiple of 5?
False
Is 1800 a multiple of 15?
True
Is 26 a factor of 17550?
True
Is 135 a multiple of 2?
False
Does 18 divide 43063?
False
Does 35 divide 210?
True
Is 13392 a multiple of 31?
True
Does 19 divide 11077?
True
Is 5 a factor of 535?
True
Is 29 a factor of 1334?
True
Is 11259 a multiple of 169?
False
Is 7 a factor of 1873?
False
Is 158 a factor of 7631?
False
Is 136657 a multiple of 10?
False
Is 12 a factor of 10763?
False
Is 9 a factor of 176?
False
Is 27 a factor of 13662?
True
Is 29 a factor of 2726?
True
Is 3 a factor of 65?
False
Is 15 a factor of 2985?
True
Is 466 a multiple of 17?
False
Is 10 a factor of 1390?
True
Is 43 a factor of 86?
True
Is 131 a factor of 8178?
False
Is 151 a factor of 5889?
True
Does 11 divide 51645?
True
Does 14 divide 19446?
True
Is 57 a multiple of 18?
False
Is 5165 a multiple of 5?
True
Is 41 a factor of 331?
False
Is 59 a factor of 18106?
False
Is 1602 a multiple of 6?
True
Does 348 divide 65306?
False
Does 11 divide 3553?
True
Is 31 a factor of 396?
False
Does 8 divide 42?
False
Does 22 divide 2684?
True
Is 881 a multiple of 9?
False
Is 3744 a multiple of 135?
False
Is 19 a factor of 25729?
False
Is 62 a factor of 16430?
True
Does 5 divide 240?
True
Does 6 divide 1632?
True
Is 846 a multiple of 51?
False
Does 32 divide 20576?
True
Is 1293 a multiple of 3?
True
Does 57 divide 443?
False
Is 41 a factor of 943?
True
Is 43 a factor of 8643?
True
Is 53 a factor of 1073?
False
Does 54 divide 899?
False
Is 17658 a multiple of 218?
True
Is 7623 a multiple of 121?
True
Does 5 divide 112?
False
Does 28 divide 224?
True
Is 2105 a multiple of 11?
False
Does 206 divide 15450?
True
Is 117 a multiple of 3?
True
Is 2262 a multiple of 13?
True
Does 58 divide 1544?
False
Is 30 a multiple of 6?
True
Is 462 a multiple of 33?
True
Does 8 divide 47?
False
Does 33 divide 3086?
False
Is 45763 a multiple of 9?
False
Does 174 divide 6900?
False
Is 24617 a multiple of 65?
False
Is 62820 a multiple of 349?
True
Does 19 divide 2242?
True
Is 275 a factor of 36025?
True
Is 86 a factor of 1204?
True
Is 1380 a multiple of 12?
True
Does 45 divide 51210?
True
Is 16 a factor of 1260?
False
Is 168 a multiple of 42?
True
Is 792 a multiple of 36?
True
Does 37 divide 414?
False
Is 90 a factor of 126891?
False
Is 50 a factor of 950?
True
Is 34 a factor of 888?
False
Does 33 divide 429?
True
Is 13790 a multiple of 21?
False
Is 466 a multiple of 28?
False
Is 9 a factor of 974?
False
Is 14 a factor of 742?
True
Is 3151 a multiple of 17?
False
Is 9130 a multiple of 55?
True
Does 37 divide 515?
False
Is 15 a factor of 638?
False
Does 11 divide 1348?
False
Is 460 a multiple of 28?
False
Does 8 divide 13984?
True
Is 435 a multiple of 15?
True
Is 32862 a multiple of 49?
False
Is 49 a factor of 931?
True
Is 5352 a multiple of 8?
True
Is 3654 a multiple of 21?
True
Is 232 a factor of 42054?
False
Is 4661 a multiple of 51?
False
Is 58 a factor of 24841?
False
Is 6 a factor of 6128?
False
Is 13 a factor of 3900?
True
Does 5 divide 5518?
False
Does 29 divide 669?
False
Is 5460 a multiple of 6?
True
Is 52 a factor of 5961?
False
Does 75 divide 600?
True
Is 26568 a multiple of 108?
True
Is 4218 a multiple of 19?
True
Is 22 a factor of 318?
False
Is 181 a multiple of 9?
False
Does 9 divide 1854?
True
Does 28 divide 35756?
True
Is 13 a factor of 65?
True
Is 46 a factor of 89143?
False
Is 2072 a multiple of 28?
True
Is 290 a factor of 53360?
True
Is 4611 a multiple of 87?
True
Is 33 a factor of 891?
True
Is 2640 a multiple of 22?
True
Does 48 divide 6816?
True
Is 22 a factor of 22?
True
Is 1312 a multiple of 32?
True
Is 10 a factor of 80?
True
Is 43 a factor of 1204?
True
Does 100 divide 4618?
False
Does 4 divide 232?
True
Does 6 divide 11034?
True
Does 19 divide 179132?
True
Does 256 divide 38779?
False
Is 7 a factor of 22741?
False
Does 59 divide 4012?
True
Does 47 divide 13633?
False
Is 60484 a multiple of 13?
False
Is 68 a factor of 111860?
True
Is 18 a factor of 2358?
True
Is 1333 a multiple of 43?
True
Does 47 divide 16450?
True
Does 84 divide 8065?
False
Is 1239 a multiple of 21?
True
Does 35 divide 3339?
False
Is 157 a factor of 8792?
True
Does 12 divide 825?
False
Is 21 a factor of 1416?
False
Does 65 divide 10087?
False
Does 7 divide 3220?
True
Does 3 divide 2697?
True
Does 52 divide 18876?
True
Does 24 divide 590?
False
Is 13 a factor of 2041?
True
Does 10 divide 391?
False
Is 21 a factor of 3528?
True
Is 6032 a multiple of 16?
True
Does 10 divide 76651?
False
Is 14 a factor of 373?
False
Is 30980 a multiple of 8?
False
Is 4788 a multiple of 36?
True
Does 17 divide 148?
False
Is 884 a multiple of 48?
False
Is 47 a factor of 271?
False
Is 15 a factor of 195?
True
Does 29 divide 493?
True
Is 90 a multiple of 6?
True
Is 15 a factor of 6289?
False
Is 38923 a multiple of 4?
False
Is 22 a factor of 20050?
False
Is 3073 a multiple of 27?
False
Is 4654 a multiple of 37?
False
Does 11 divide 1188?
True
Is 28 a factor of 630?
False
Is 54 a factor of 1512?
True
Does 47 divide 618?
False
Is 3650 a multiple of 10?
True
Is 3427 a multiple of 49?
False
Does 15 divide 181?
False
Is 11 a factor of 487?
False
Is 167 a multiple of 5?
False
Is 5 a factor of 8995?
True
Does 45 divide 12105?
True
Is 30 a factor of 4228?
False
Is 13 a factor of 4173?
True
Is 2037 a multiple of 21?
True
Does 29 divide 1624?
True
Is 975 a multiple of 25?
True
Is 7335 a multiple of 45?
True
Is 1196 a multiple of 84?
False
Is 4343 a multiple of 17?
False
Is 1184 a multiple of 26?
False
Is 198 a multiple of 15?
False
Is 18 a factor of 7104?
False
Is 5810 even?
True
Is 625 a multiple of 5?